{"id":286,"date":"2025-04-25T14:18:17","date_gmt":"2025-04-25T14:18:17","guid":{"rendered":"https:\/\/web270.webbox555.server-home.org\/wordpress\/?page_id=286"},"modified":"2025-05-04T13:58:38","modified_gmt":"2025-05-04T13:58:38","slug":"niedergailbach-im-jubilaeumsjahr-2000","status":"publish","type":"page","link":"https:\/\/www.niedergailbach.com\/?page_id=286","title":{"rendered":"Niedergailbach im Jubil\u00e4umsjahr 2000"},"content":{"rendered":"<p>Niedergailbach im Jubil\u00e4umsjahr 2000<\/p>\n<p><strong>850 Jahre Niedergailbach<\/strong><br \/>\nF\u00fcr Niedergailbach war das Milleniumsjahr ein echtes Jubil\u00e4umsjahr, standen doch die Feierlichkeiten anl\u00e4sslich des 850- j\u00e4hrigen Dorfjubil\u00e4ums im Mittelpunkt des Ortsgeschehens w\u00e4hrend des Jahres 2000. Die B\u00fcrgerinnen und B\u00fcrger von Niedergailbach haben die Herausforderung &#8222;Jubil\u00e4umsjahr&#8220; angenommen und wundervoll gemeistert. Mit einem eindrucksvollen Veranstaltungsreigen von insgesamt neun Jubil\u00e4umsfeierlichkeiten wurde das 850- j\u00e4hrige Dorfjubil\u00e4um gefeiert.<\/p>\n<p><strong>Silvesterveranstaltung<br \/>\n<\/strong>Mit einer gelungenen und gem\u00fctlichen Silvesterfeier in der Gemeinschaftshalle wurde in famili\u00e4rer Atmosph\u00e4re ins Jubil\u00e4umsjahr gestartet.<\/p>\n<p><strong>Neujahrsempfang<\/strong><br \/>\nBeim ersten Neujahrsempfang in der Ortsgeschichte, der eine \u00fcberaus gro\u00dfe Resonanz fand, stand das Jubil\u00e4umsjahr im Mittelpunkt.<\/p>\n<p><strong>Filmabend &#8222;Niedergailbach 1940-2000&#8220;<\/strong><br \/>\nDas Leben im Dorf und die Entwicklung des Ortes w\u00e4hrend der letzten 60 Jahre wurde sehr eindrucksvoll w\u00e4hrend des fast 3-st\u00fcndigen Filmvortrages in der voll besetzten Gemeinschaftshalle dokumentiert.<\/p>\n<p><strong>Historische Bilderausstellung<\/strong><br \/>\nBegeistert und angetan zeigten sich die vielen Besucher von der historischen Bilderausstellung, bei der \u00fcber 800 Aufnahmen von 1900-2000 betrachtet werden konnten.<\/p>\n<p><strong>Maibaumfest<\/strong><br \/>\nEigens zum Dorfjubil\u00e4um hat die Jugend einen besonderen Maibaum aufgestellt und anschlie\u00dfend rund um die Pfarrkirche zum Feiern eingeladen.<\/p>\n<p><strong>Festakt<\/strong><br \/>\nIn einem w\u00fcrdigen Rahmen vollzog sich in der festlich geschm\u00fcckten Gemeinschaftshalle der Festakt mit dem Historiker Prof. Dr. Hans-Walter Hermann als Festredner.<\/p>\n<p><strong>Historischer Markt<\/strong><br \/>\nH\u00f6hepunkt im Reigen der Jubil\u00e4umsveranstaltungen war der historische Markt am Kirmessonntag. Mit dieser Veranstaltung wurde ein Glanzpunkt gesetzt, der nur schwer zu \u00fcberbieten sein wird. Alte Berufe, Trachten und Kost\u00fcme lebten auf. Dorfschmiede, Dorfschelle, Dorfschreiber, Omas N\u00e4hst\u00fcbchen, T\u00f6pferei, Sensendengler, Korbmacher, alte M\u00fchle, alte Schuhmacherei, Wasch-, Back- und Marktfrauen, eine Oldtimerausstellung oder eine Hochzeit wie anno dazumal beherrschten an diesem Sonntag in der Bischof-Weis-Stra\u00dfe rund um die Pfarrkirche und am Festplatz das Bild des Geschehens.<\/p>\n<p><strong>Bauernmarkt<\/strong><br \/>\nDer am Erntedanksonntag nach dem Gottesdienst durchgef\u00fchrte Bauernmarkt lockte erneut viele Besucher in den kleinen Grenzort.<\/p>\n<p><strong>Jahresabschlusskonzert<\/strong><br \/>\nHarmonisch wie das Jahr begann, so harmonisch und eindrucksvoll endeten auch die Feierlichkeiten mit einem gelungenen Abschlusskonzert der kulturtreibenden Ortsvereine in der Pfarrkirche &#8222;Bruder Klaus&#8220; und einem anschlie\u00dfenden gem\u00fctlichen Beisammensein in der Gemeinschaftshalle.<\/p>\n<p>Das \u00e4u\u00dferst erfolgreich verlaufene Jubil\u00e4umsjahr hat die Niedergailbacher Dorfgemeinschaft weiter gefestigt und sich auf das Vereins- und Gemeinschaftsleben sehr fruchtbar ausgewirkt.<\/p>\n<p>Grundlagen f\u00fcr den guten Verlauf des Jubil\u00e4umsjahres waren Tugenden, die bei der Niedergailbacher Dorfbev\u00f6lkerung schon immer vorzufinden waren, wie Verantwortungsbewusstsein, Flei\u00df, Einsatzbereitschaft und Gemeinsinn. Mit jenen Tugenden, gepaart mit den Eigenschaften wie Mut und Optimismus haben die B\u00fcrgerinnen und B\u00fcrger von Niedergailbach die Herausforderungen des Jubil\u00e4umsjahres meisterhaft bew\u00e4ltigt. Auch viele &#8222;Ehemalige&#8220; besuchten w\u00e4hrend des Jubil\u00e4umsjahres wieder ihre &#8222;alte Heimat&#8220; und einige wirkten auch bei den verschiedenen Feierlichkeiten mit.<\/p>\n","protected":false},"excerpt":{"rendered":"<p>Niedergailbach im Jubil\u00e4umsjahr 2000 850 Jahre Niedergailbach F\u00fcr Niedergailbach war das Milleniumsjahr ein echtes Jubil\u00e4umsjahr, standen doch die Feierlichkeiten anl\u00e4sslich<\/p>\n","protected":false},"author":1,"featured_media":0,"parent":2,"menu_order":0,"comment_status":"closed","ping_status":"closed","template":"","meta":{"footnotes":""},"class_list":["post-286","page","type-page","status-publish","hentry"],"_links":{"self":[{"href":"https:\/\/www.niedergailbach.com\/index.php?rest_route=\/wp\/v2\/pages\/286","targetHints":{"allow":["GET"]}}],"collection":[{"href":"https:\/\/www.niedergailbach.com\/index.php?rest_route=\/wp\/v2\/pages"}],"about":[{"href":"https:\/\/www.niedergailbach.com\/index.php?rest_route=\/wp\/v2\/types\/page"}],"author":[{"embeddable":true,"href":"https:\/\/www.niedergailbach.com\/index.php?rest_route=\/wp\/v2\/users\/1"}],"replies":[{"embeddable":true,"href":"https:\/\/www.niedergailbach.com\/index.php?rest_route=%2Fwp%2Fv2%2Fcomments&post=286"}],"version-history":[{"count":3,"href":"https:\/\/www.niedergailbach.com\/index.php?rest_route=\/wp\/v2\/pages\/286\/revisions"}],"predecessor-version":[{"id":407,"href":"https:\/\/www.niedergailbach.com\/index.php?rest_route=\/wp\/v2\/pages\/286\/revisions\/407"}],"up":[{"embeddable":true,"href":"https:\/\/www.niedergailbach.com\/index.php?rest_route=\/wp\/v2\/pages\/2"}],"wp:attachment":[{"href":"https:\/\/www.niedergailbach.com\/index.php?rest_route=%2Fwp%2Fv2%2Fmedia&parent=286"}],"curies":[{"name":"wp","href":"https:\/\/api.w.org\/{rel}","templated":true}]}}