{"id":282,"date":"2025-04-25T14:17:47","date_gmt":"2025-04-25T14:17:47","guid":{"rendered":"https:\/\/web270.webbox555.server-home.org\/wordpress\/?page_id=282"},"modified":"2026-03-08T10:29:20","modified_gmt":"2026-03-08T10:29:20","slug":"dorfgemeinschaft","status":"publish","type":"page","link":"https:\/\/www.niedergailbach.com\/?page_id=282","title":{"rendered":"Dorfgemeinschaft"},"content":{"rendered":"<p><strong>Dorfgemeinschaft<\/strong><\/p>\n<p>Das kulturelle, gesellschaftliche und sportliche Leben wird mit Erfolg von den \u00f6rtlichen Vereinen und Verb\u00e4nden gepr\u00e4gt. Das rege Gemeinschaftsleben erm\u00f6glicht auch den Neub\u00fcrgern, sich rasch in die Dorfgemeinschaft zu integrieren. Sehr positiv hat sich der Zusammenschluss der 16 Vereine und Verb\u00e4nde in der Arbeitsgemeinschaft der Ortsvereine ausgewirkt. Die AG der Ortsvereine hat sich neben der Koordinierung der Vereinsveranstaltungen auch die St\u00e4rkung und F\u00f6rderung der Dorfgemeinschaft zur Aufgabe gemacht.<\/p>\n<p>Auch das gemeinsame Feiern der &#8222;G\u00e4lbacher Kirb&#8220;, womit ein alter Brauch gepflegt wird, st\u00fctzt sich auf die gute Zusammenarbeit der Niedergailbacher Ortsvereine. S\u00e4mtliche Erl\u00f6se aus den &#8222;Kirwe-veranstaltungen&#8220; wurden der Dorfgemeinschaft zur Verf\u00fcgung gestellt. Ann\u00e4hernd 400.000 DM hat die Arbeitsgemeinschaft der Ortsvereine in den letzten 30 Jahren aufgebracht und in den Ort investiert.<\/p>\n<p><strong>Angelsportverein<\/strong><br \/>\nDie Anfang der 70-er Jahre in Eigenleistung geschaffene Weiheranlage im Allmend wurde durch eine schmucke Fischerh\u00fctte erweitert. Die Bachpatenschaften f\u00fcr den Gailbach und dem Wallringer Bach hat der Verein \u00fcbernommen. Im Juni jeden Jahres findet das Fischerfest statt.<\/p>\n<p><strong>Freiwillige Feuerwehr<\/strong><br \/>\nUnter dem Wahlspruch &#8222;Gott zu Ehr &#8211; dem N\u00e4chsten zur Wehr&#8220; verrichtet eine 27 Mann starke Feuerwehr ihren Dienst. Das derzeitige L\u00f6schfahrzeug (LF8), das vom L\u00f6schbezirk Limbach \u00fcbernommen wurde, hat sich die Wehr in \u00fcber 300 Arbeitsstunden hergerichtet.<\/p>\n<p><strong>Heimat- und Kulturverein<\/strong><\/p>\n<p>Der neu gegr\u00fcndete Verein wurde ins Leben gerufen, um schrittweise das gesamte Aufgabenfeld der Arbeitsgemeinschaft der \u00f6rtlichen Vereine zu \u00fcbernehmen. An oberster Stelle stand die Organisation und Durchf\u00fchrung der traditionellen Zeltkirmes. Nach kurzer pandemiebedingter Unterbrechung ist dies erfolgreich gegl\u00fcckt. Wie gewohnt findet die Kirmes wieder j\u00e4hrlich am 2.-letzten Wochenende im August in der Dorfmitte statt.<\/p>\n<p><strong>Jugendclub<\/strong><br \/>\nVor drei Jahren gr\u00fcndete die Dorfjugend den &#8222;Jugendclub&#8220;, der sein Domzil im Kellergeschoss des Kindergartens hat. Nach rund 10-monatiger Bauzeit haben sich die Jugendlichen in Eigenregie ihren Clubraum renoviert und umgestaltet. Im Rahmen der Bauma\u00dfnahmen wurden auch die sanit\u00e4ren Anlagen geschaffen.<\/p>\n<p><strong>Kath. Frauengemeinschaft<\/strong><br \/>\nDie recht r\u00fchrige Gemeinschaft, die im kirchlichen, kulturellen und sozialen Bereich t\u00e4tig ist, besteht seit 1969. Der Erl\u00f6s aus den j\u00e4hrlich durchgef\u00fchrten Basaren wird ausschlie\u00dflich den notleidenden Menschen in der Dritten Welt zur Verf\u00fcgung gestellt.<\/p>\n<p><strong>Kirchenchor<\/strong><br \/>\nDer \u00e4lteste Ortsverein wurde 1880 von Pfarrer Bernatz gegr\u00fcndet. Neben den vielf\u00e4ltigen musikalischen Aufgaben im kirchlichen Bereich ist der Chor auch sehr bem\u00fcht um die Pflege des Volksliedes, was er bei weltlichen Konzerten immer wieder unter Beweis stellt. Im November 1990 wurde dem Chor die Palestrina-Medaille verliehen.<\/p>\n<p><strong>M\u00e4nnergesangverein<\/strong><br \/>\nTrotz harter Wiederaufbauarbeit haben sich bereits 1951 junge M\u00e4nner zusammengefunden, um den 1921 gegr\u00fcndeten Verein neu aufleben zu lassen. Der Chor, dem zur Zeit 20 S\u00e4nger angeh\u00f6ren, tr\u00e4gt in gro\u00dfem Ma\u00dfe zum kulturellen Leben des Dorfes bei. Es besteht auch eine Singgemeinschaft mit dem M\u00e4nnergesangverein Reinheim.<\/p>\n<p><strong>Obst- und Gartenbauverein<br \/>\n<\/strong>Ein \u00e4u\u00dferst gro\u00dfes Engagement wird von diesem Verein neben der Pflege und F\u00f6rderung des Obst- und Gartenbaus auf dem Gebiet der Dorfversch\u00f6nerung gezeigt. Dass unser Ort hervorragend mit Hochgr\u00fcn ausgestattet ist, ist weitgehend ein Verdienst der Gartenfreunde. Reges Interesse f\u00fcr die Anpflanzung von Obstb\u00e4umen hat der Verein unter den B\u00fcrgern geweckt, indem er auf gemeindeeigenen Grundst\u00fccken Obstb\u00e4ume pflanzte. Dem Verein ist auch ein Sparte &#8222;Vogelschutz&#8220; angegliedert.<\/p>\n<p><strong>Blockfl\u00f6tenquartett<\/strong><br \/>\nEs entstand aus einer Hausmusik der Familie Oberinger und stellt heute eine wichtige Bereicherung im kulturellen und kirchlichen Leben unseres Orts dar. Auch au\u00dferhalb der Orts- und Landesgrenze hat das Blockfl\u00f6tenquartett bei Kirchenkonzerten, Adventsund Weihnachtsfeiern, bei Veranstaltungen des S\u00e4ngerkreises Blies und beim Pf\u00e4lzischen S\u00e4ngerbund die Festlichkeiten musikalisch umrahmt.<\/p>\n<p><strong>Sportverein<\/strong><br \/>\nDer SV Niedergailbach ist Nachfolger der 1929 gegr\u00fcndeten DJK Niedergailbach. In harter Arbeit erstellten sich die Sportler auf dem Gel\u00e4nde eines ehemaligen Wiederaufbaulagers ihren Sportplatz, um der Jugend eine M\u00f6glichkeit zur sportlichen Bet\u00e4tigung zu geben. Positiv auf das Vereinsleben hat sich die in verst\u00e4rktem Ma\u00dfe betriebene Jugendarbeit ausgewirkt. Seit einigen Jahren befindet sich im &#8222;Bruch&#8220; eine schmucke Kunstrasenanlage. Diese Anlage wurde mit Mitteln der Sportplanungskommission, der Gemeinde Gersheim sowie des SV Niedergailbach finanziert. Letztendlich wurden die Vereinsmitglieder sowie die ganze Dorfbev\u00f6lkerung zu privaten Spenden (symbolischer Kauf von Kunstrasenanteilen) aufgerufen. Nicht unerw\u00e4hnt bleiben darf der gro\u00dfe Anteil an Eigenleistung der Vereinsmitglieder. So wurden z.B. die Verbundsteine rund um die Anlage selbst verlegt, ebenso erfolgte die Einz\u00e4unung der Anlage in Eigenleistung. Neben den aktiven Mannschaften und der Jugendabteilung erweitern die AH-Abteilung und die Damengymnastikgruppe das sportliche Angebot des SV Niedergailbach.<\/p>\n<p><strong>Vdk- Ortsgruppe<\/strong><br \/>\nHauptaufgabe der Ortsgruppe ist die Betreuung und Beratung der Kriegswitwen. Au\u00dferdem hat die kleine Ortsgruppe auch die Pflege der Gr\u00e4ber am Ehrenmal \u00fcbernommen.<\/p>\n<p><strong>CDU<\/strong><br \/>\nDas kommunale und politische Geschehen im Ort bestimmt ausschlie\u00dflich die CDU.<\/p>\n<p>&nbsp;<\/p>\n","protected":false},"excerpt":{"rendered":"<p>Dorfgemeinschaft Das kulturelle, gesellschaftliche und sportliche Leben wird mit Erfolg von den \u00f6rtlichen Vereinen und Verb\u00e4nden gepr\u00e4gt. Das rege Gemeinschaftsleben<\/p>\n","protected":false},"author":1,"featured_media":0,"parent":2,"menu_order":0,"comment_status":"closed","ping_status":"closed","template":"","meta":{"footnotes":""},"class_list":["post-282","page","type-page","status-publish","hentry"],"_links":{"self":[{"href":"https:\/\/www.niedergailbach.com\/index.php?rest_route=\/wp\/v2\/pages\/282","targetHints":{"allow":["GET"]}}],"collection":[{"href":"https:\/\/www.niedergailbach.com\/index.php?rest_route=\/wp\/v2\/pages"}],"about":[{"href":"https:\/\/www.niedergailbach.com\/index.php?rest_route=\/wp\/v2\/types\/page"}],"author":[{"embeddable":true,"href":"https:\/\/www.niedergailbach.com\/index.php?rest_route=\/wp\/v2\/users\/1"}],"replies":[{"embeddable":true,"href":"https:\/\/www.niedergailbach.com\/index.php?rest_route=%2Fwp%2Fv2%2Fcomments&post=282"}],"version-history":[{"count":9,"href":"https:\/\/www.niedergailbach.com\/index.php?rest_route=\/wp\/v2\/pages\/282\/revisions"}],"predecessor-version":[{"id":884,"href":"https:\/\/www.niedergailbach.com\/index.php?rest_route=\/wp\/v2\/pages\/282\/revisions\/884"}],"up":[{"embeddable":true,"href":"https:\/\/www.niedergailbach.com\/index.php?rest_route=\/wp\/v2\/pages\/2"}],"wp:attachment":[{"href":"https:\/\/www.niedergailbach.com\/index.php?rest_route=%2Fwp%2Fv2%2Fmedia&parent=282"}],"curies":[{"name":"wp","href":"https:\/\/api.w.org\/{rel}","templated":true}]}}