{"id":256,"date":"2025-04-25T14:11:55","date_gmt":"2025-04-25T14:11:55","guid":{"rendered":"https:\/\/web270.webbox555.server-home.org\/wordpress\/?page_id=256"},"modified":"2025-05-04T10:56:55","modified_gmt":"2025-05-04T10:56:55","slug":"ortswappen","status":"publish","type":"page","link":"https:\/\/www.niedergailbach.com\/?page_id=256","title":{"rendered":"Ortswappen"},"content":{"rendered":"<div id=\"search\">\n<form action=\"https:\/\/www.niedergailbach.com\/index.php\" method=\"post\">\n<div align=\"center\"><\/div>\n<\/form>\n<\/div>\n<div id=\"header\">Ortswappen<\/div>\n<div id=\"maincontent\">\n<p><img loading=\"lazy\" decoding=\"async\" class=\"alignnone size-full wp-image-374\" src=\"https:\/\/web270.webbox555.server-home.org\/wordpress\/wp-content\/uploads\/2025\/05\/Ortswappen.jpg\" alt=\"\" width=\"150\" height=\"150\" \/><\/p>\n<p>Geviertelt: Oben rechts und unten links in Rot ein goldener Wellenbalken = franz\u00f6sischer Seite entspringende Gailbach (mundartlich &#8222;Gelbach&#8220;) hat dem Ort seinen Namen gegeben.<\/p>\n<p>Oben links in Gold: ein roter L\u00f6we = Wappentier der Grafen von Zweibr\u00fccken-Bitsch.<\/p>\n<p>Unten rechts in Gold: ein gest\u00fcmmelter roter Adler = Wappentier der Herz\u00f6ge von Lothringen.<\/p>\n<p>Begr\u00fcndung: Das Wappen des Ortsteiles symbolisiert einmal den Ortsnamen und zum anderen die territoriale Zugeh\u00f6rigkeit des Ortes \u00fcber Jahrhunderte hinweg.<\/p>\n<\/div>\n","protected":false},"excerpt":{"rendered":"<p>Ortswappen Geviertelt: Oben rechts und unten links in Rot ein goldener Wellenbalken = franz\u00f6sischer Seite entspringende Gailbach (mundartlich &#8222;Gelbach&#8220;) hat<\/p>\n","protected":false},"author":1,"featured_media":0,"parent":2,"menu_order":0,"comment_status":"closed","ping_status":"closed","template":"","meta":{"footnotes":""},"class_list":["post-256","page","type-page","status-publish","hentry"],"_links":{"self":[{"href":"https:\/\/www.niedergailbach.com\/index.php?rest_route=\/wp\/v2\/pages\/256","targetHints":{"allow":["GET"]}}],"collection":[{"href":"https:\/\/www.niedergailbach.com\/index.php?rest_route=\/wp\/v2\/pages"}],"about":[{"href":"https:\/\/www.niedergailbach.com\/index.php?rest_route=\/wp\/v2\/types\/page"}],"author":[{"embeddable":true,"href":"https:\/\/www.niedergailbach.com\/index.php?rest_route=\/wp\/v2\/users\/1"}],"replies":[{"embeddable":true,"href":"https:\/\/www.niedergailbach.com\/index.php?rest_route=%2Fwp%2Fv2%2Fcomments&post=256"}],"version-history":[{"count":4,"href":"https:\/\/www.niedergailbach.com\/index.php?rest_route=\/wp\/v2\/pages\/256\/revisions"}],"predecessor-version":[{"id":375,"href":"https:\/\/www.niedergailbach.com\/index.php?rest_route=\/wp\/v2\/pages\/256\/revisions\/375"}],"up":[{"embeddable":true,"href":"https:\/\/www.niedergailbach.com\/index.php?rest_route=\/wp\/v2\/pages\/2"}],"wp:attachment":[{"href":"https:\/\/www.niedergailbach.com\/index.php?rest_route=%2Fwp%2Fv2%2Fmedia&parent=256"}],"curies":[{"name":"wp","href":"https:\/\/api.w.org\/{rel}","templated":true}]}}