{"id":181,"date":"2025-04-24T14:48:30","date_gmt":"2025-04-24T14:48:30","guid":{"rendered":"https:\/\/web270.webbox555.server-home.org\/wordpress\/?page_id=181"},"modified":"2025-11-07T11:28:57","modified_gmt":"2025-11-07T11:28:57","slug":"orgateam-generationentreff","status":"publish","type":"page","link":"https:\/\/www.niedergailbach.com\/?page_id=181","title":{"rendered":"Orgateam Generationentreff"},"content":{"rendered":"<p>Vorsitzender:\u00a0 Ladislaus Wyniarskyj<\/p>\n<p>Vorsitzende:\u00a0 \u00a0Gabi Walter<\/p>\n<p>Vorsitzender:\u00a0 Bernhard Oberinger<\/p>\n<p>Kassiererin:\u00a0 \u00a0 Silke Brass<\/p>\n<p>Schriftf\u00fchrer:\u00a0 Otmar Gros<\/p>\n<p>Mitglieder:\u00a0 11<\/p>\n<p>Gr\u00fcndungsjahr:\u00a0 2012<\/p>\n<p>Veranstaltungen\/Aktivit\u00e4ten:\u00a0 D\u00e4mmerschoppen; Kaffeenachmittage; Infoveranstaltungen;\u00a0 \u00a0 \u00a0 \u00a0 \u00a0 \u00a0 \u00a0 \u00a0 \u00a0 \u00a0 \u00a0 \u00a0 \u00a0 \u00a0 \u00a0 \u00a0 \u00a0 \u00a0 \u00a0 \u00a0 \u00a0 \u00a0 \u00a0 \u00a0 \u00a0 \u00a0 \u00a0 \u00a0 Workshops; Musikveranstaltungen<\/p>\n<p>Zweck des Vereins ist die F\u00f6rderung der Heimatpflege und Heimatkunde sowie F\u00f6rderung der Jugend- und Altenhilfe.<\/p>\n<p>Geplant sind w\u00f6chentliche Treffs z.B. nach dem Gottesdienst, bei dem sich die junge mit der \u00e4lteren Generation austauschen kann.<\/p>\n<p>Dar\u00fcber hinaus sollten Themenabende durchgef\u00fchrt werden, bei denen durch die \u00e4ltere Generation der j\u00fcngeren Generation altes Brauchtum weitergegeben werden kann. Weiter steht im Vordergrund, dass die Vernetzung von Alt und Jung gest\u00e4rkt wird. Hier kommen regelm\u00e4\u00dfige Treffen f\u00fcr ,,Alt und Jung&#8220;; Workshop&#8217;s; lnfoveranstaltungen; Liederabende usw. in Betracht. Die Bewohner der Gemeinde Gersheim sollen dazu animiert werden, den Generationentreff dazu zu nutzen, grenz\u00fcberschreitende Kontakte zu kn\u00fcpfen und zu festigen.<\/p>\n<p style=\"font-weight: 400;\">Er verfolgt ausschlie\u00dflich und unmittelbar gemeinn\u00fctzige Zwecke im Sinne des Abschnitts &#8222;Steuerbeg\u00fcnstigte Zwecke&#8220; der Abgabenordnung.<\/p>\n<p>&nbsp;<\/p>\n","protected":false},"excerpt":{"rendered":"<p>Vorsitzender:\u00a0 Ladislaus Wyniarskyj Vorsitzende:\u00a0 \u00a0Gabi Walter Vorsitzender:\u00a0 Bernhard Oberinger Kassiererin:\u00a0 \u00a0 Silke Brass Schriftf\u00fchrer:\u00a0 Otmar Gros Mitglieder:\u00a0 11 Gr\u00fcndungsjahr:\u00a0 2012<\/p>\n","protected":false},"author":2,"featured_media":0,"parent":97,"menu_order":0,"comment_status":"closed","ping_status":"closed","template":"","meta":{"footnotes":""},"class_list":["post-181","page","type-page","status-publish","hentry"],"_links":{"self":[{"href":"https:\/\/www.niedergailbach.com\/index.php?rest_route=\/wp\/v2\/pages\/181","targetHints":{"allow":["GET"]}}],"collection":[{"href":"https:\/\/www.niedergailbach.com\/index.php?rest_route=\/wp\/v2\/pages"}],"about":[{"href":"https:\/\/www.niedergailbach.com\/index.php?rest_route=\/wp\/v2\/types\/page"}],"author":[{"embeddable":true,"href":"https:\/\/www.niedergailbach.com\/index.php?rest_route=\/wp\/v2\/users\/2"}],"replies":[{"embeddable":true,"href":"https:\/\/www.niedergailbach.com\/index.php?rest_route=%2Fwp%2Fv2%2Fcomments&post=181"}],"version-history":[{"count":6,"href":"https:\/\/www.niedergailbach.com\/index.php?rest_route=\/wp\/v2\/pages\/181\/revisions"}],"predecessor-version":[{"id":789,"href":"https:\/\/www.niedergailbach.com\/index.php?rest_route=\/wp\/v2\/pages\/181\/revisions\/789"}],"up":[{"embeddable":true,"href":"https:\/\/www.niedergailbach.com\/index.php?rest_route=\/wp\/v2\/pages\/97"}],"wp:attachment":[{"href":"https:\/\/www.niedergailbach.com\/index.php?rest_route=%2Fwp%2Fv2%2Fmedia&parent=181"}],"curies":[{"name":"wp","href":"https:\/\/api.w.org\/{rel}","templated":true}]}}