{"id":155,"date":"2025-04-24T11:57:32","date_gmt":"2025-04-24T11:57:32","guid":{"rendered":"https:\/\/web270.webbox555.server-home.org\/wordpress\/?page_id=155"},"modified":"2025-05-12T09:06:27","modified_gmt":"2025-05-12T09:06:27","slug":"impressum","status":"publish","type":"page","link":"https:\/\/www.niedergailbach.com\/?page_id=155","title":{"rendered":"Impressum"},"content":{"rendered":"<p>Diensteanbieter dieser Seiten ist der Ortsrat Niedergailbach, vertreten durch die Ortsvorsteherin Anja Erhardt.<\/p>\n<p>Anja Erhardt<br \/>\nBischof-Weis-Str. 56<br \/>\n66453 Gersheim-Niedergailbach<br \/>\nTelefon: 06843 5373<br \/>\nE-Mail: <a href=\"&#x6d;a&#x69;&#108;t&#x6f;&#58;&#x61;&#x2e;e&#x72;&#104;a&#x72;&#100;&#x74;&#64;n&#x69;&#101;d&#x65;&#114;&#x67;&#97;i&#x6c;&#98;&#x61;&#x63;h&#x2e;&#99;o&#x6d;\">a&#46;&#101;&#x72;&#x68;a&#114;&#100;&#x74;&#x40;&#x6e;i&#101;&#100;&#x65;&#x72;ga&#105;&#x6c;&#x62;&#x61;c&#104;&#46;&#x63;&#x6f;m<\/a><\/p>\n<p>Verantwortlich f\u00fcr den Inhalt nach \u00a7 55 Abs. 2 RStV:<\/p>\n<p>Ortsvorsteherin<br \/>\nAnja Erhardt<br \/>\nBischof-Weis-Str. 56<br \/>\n66453 Gersheim-Niedergailbach<br \/>\nTelefon: 06843 5373<br \/>\nE-Mail: <a href=\"&#109;&#x61;&#x69;&#108;&#x74;&#x6f;&#58;&#x61;&#x2e;&#101;&#x72;&#x68;&#97;&#x72;&#x64;&#116;&#x40;&#x6e;&#105;&#x65;&#x64;&#101;&#x72;&#x67;&#97;&#x69;&#x6c;b&#x61;&#x63;h&#x2e;&#x63;o&#109;\">&#x61;&#x2e;&#101;&#114;ha&#x72;&#x64;&#x74;&#64;ni&#x65;&#x64;&#x65;&#114;&#103;a&#x69;&#x6c;&#x62;&#97;&#99;h&#x2e;&#x63;&#x6f;&#109;<\/a><\/p>\n<p>Bei dem Inhalt unserer Internetseiten handelt es sich um urheberrechtlich gesch\u00fctzte Werke. Der Ortsrat Niedergailbach gestattet die \u00dcbernahme von Texten in Datenbest\u00e4nde, die ausschlie\u00dflich f\u00fcr den privaten Gebrauch eines Nutzers bestimmt sind. Die \u00dcbernahme und Nutzung der Daten zu anderen Zwecken bedarf der schriftlichen Zustimmung des Ortsrates. Soweit die Inhalte auf dieser Seite nicht vom Betreiber erstellt wurden, werden die Urheberrechte Dritter beachtet. Insbesondere werden Inhalte Dritter als solche gekennzeichnet.<\/p>\n<p>Haftungshinweis: Im Rahmen unseres Dienstes werden eventuell auch Links zu Internetinhalten anderer Anbieter bereitgestellt. Auf den Inhalt dieser Seiten haben wir keinen Einfluss; f\u00fcr den Inhalt ist ausschlie\u00dflich der Betreiber der anderen Website verantwortlich. Trotz der \u00dcberpr\u00fcfung der Inhalte im gesetzlich gebotenen Rahmen m\u00fcssen wir daher jede Verantwortung f\u00fcr den Inhalt dieser Links bzw. der verlinkten Seite ablehnen. Eine permanente inhaltliche Kontrolle der verlinkten Seiten ist ohne konkrete Anhaltspunkte einer Rechtsverletzung nicht zumutbar. Bei Bekanntwerden von Rechtsverletzungen werden wir derartige Links umgehend entfernen.<\/p>\n","protected":false},"excerpt":{"rendered":"<p>Diensteanbieter dieser Seiten ist der Ortsrat Niedergailbach, vertreten durch die Ortsvorsteherin Anja Erhardt. Anja Erhardt Bischof-Weis-Str. 56 66453 Gersheim-Niedergailbach Telefon:<\/p>\n","protected":false},"author":1,"featured_media":0,"parent":0,"menu_order":0,"comment_status":"closed","ping_status":"closed","template":"","meta":{"footnotes":""},"class_list":["post-155","page","type-page","status-publish","hentry"],"_links":{"self":[{"href":"https:\/\/www.niedergailbach.com\/index.php?rest_route=\/wp\/v2\/pages\/155","targetHints":{"allow":["GET"]}}],"collection":[{"href":"https:\/\/www.niedergailbach.com\/index.php?rest_route=\/wp\/v2\/pages"}],"about":[{"href":"https:\/\/www.niedergailbach.com\/index.php?rest_route=\/wp\/v2\/types\/page"}],"author":[{"embeddable":true,"href":"https:\/\/www.niedergailbach.com\/index.php?rest_route=\/wp\/v2\/users\/1"}],"replies":[{"embeddable":true,"href":"https:\/\/www.niedergailbach.com\/index.php?rest_route=%2Fwp%2Fv2%2Fcomments&post=155"}],"version-history":[{"count":5,"href":"https:\/\/www.niedergailbach.com\/index.php?rest_route=\/wp\/v2\/pages\/155\/revisions"}],"predecessor-version":[{"id":437,"href":"https:\/\/www.niedergailbach.com\/index.php?rest_route=\/wp\/v2\/pages\/155\/revisions\/437"}],"wp:attachment":[{"href":"https:\/\/www.niedergailbach.com\/index.php?rest_route=%2Fwp%2Fv2%2Fmedia&parent=155"}],"curies":[{"name":"wp","href":"https:\/\/api.w.org\/{rel}","templated":true}]}}